 y?
19
Let b = 68 + -121. Let y = -34 - b. List the prime factors of y.
19
Let j be (-7)/28 - (-186)/8. What are the prime factors of (-12)/24 - j/(-2)?
11
What are the prime factors of -3*4/(-12) + (-279)/(-1)?
2, 5, 7
Suppose 0 = -2*d - d + 54. Let t = -7 - -18. Let h = d - t. List the prime factors of h.
7
Let y(i) = 8*i + 37. What are the prime factors of y(8)?
101
Let x = -463 - -767. List the prime factors of x.
2, 19
Let h = -26 + 44. Let r be h/(-14) - (-4)/14. What are the prime factors of (-6)/(-4)*(-6)/r?
3
Let o = -7 - -14. What are the prime factors of (o - 19)*(-1)/2?
2, 3
Let l(r) be the first derivative of 0 - r - 2 + 2*r**2 + 4*r**2. What are the prime factors of l(1)?
11
Let o be 3 + 1 - (1 + 1). Suppose -o*m = 2*m - 44. What are the prime factors of m?
11
Suppose -5*c = u - 768, -3*u + 299 + 169 = 3*c. What are the prime factors of c?
3, 17
Let q be 0 + (6 - 0 - 1). Suppose -2*y + 18 = -b, 0*b + b = q*y - 51. List the prime factors of y.
11
Let b be ((-1)/(-1))/(1/5). Suppose 0*v - 2*g - 46 = -5*v, 25 = b*v + 5*g. What are the prime factors of v?
2
Let r = -10 + 3. Let z be -1*(-54)/3 + -1. Let n = r + z. What are the prime factors of n?
2, 5
List the prime factors of (-4)/(-10) + (-1316)/(-35).
2, 19
Let b = 2 + -4. What are the prime factors of b*(-6)/(-16)*-24?
2, 3
Suppose -5*j + 5*g + 80 = 0, j - 96 = -4*j + g. List the prime factors of j.
2, 5
Let u = 2 - 4. List the prime factors of 1/u - 92/(-8).
11
Let j(g) = g**3 + 9*g**2 - 6*g. Let d be j(-10). Let k = d + 72. List the prime factors of k.
2
Let d(a) = a**3 + 4*a**2 - 3*a + 6. Let r be d(-5). Let c = 0 - r. Suppose 4*m + 15 - 7 = -2*l, -5*m - 36 = -c*l. List the prime factors of l.
2
Suppose -2*g - 55 = -5*n, 4*n + g - 72 = -3*g. List the prime factors of n.
13
Let j(z) = -2 - 2 - 3 + 7*z. What are the prime factors of j(4)?
3, 7
Let f(h) = -h**2 + 11*h + 1. Let v be f(9). Let l = 17 - 30. Let y = v + l. What are the prime factors of y?
2, 3
Let n(q) = q**3 - 6*q**2 - q. List the prime factors of n(7).
2, 3, 7
Let v = -1 - 1. Let c = -87 - -105. List the prime factors of v/(-12) + 141/c.
2
Let u(b) be the second derivative of -b**4/12 - b**3 - 5*b**2/2 + 2*b. Let s be u(-4). Suppose x - 19 = 4*i - 6, -s*x = -2*i - 29. List the prime factors of x.
3
Suppose -3*v = 2*m - 126, m - 238 = -3*m + v. What are the prime factors of m?
2, 3, 5
Let p(r) = -r**2 + r + 22. Let y(g) = -g + 4. Let l be y(4). Let b be p(l). Suppose -2*u + b = z + 7, -11 = -z + 2*u. What are the prime factors of z?
13
Suppose -2*i - 4*z = -124, 0 = 4*i - 0*i - 2*z - 298. Let t = 105 - i. List the prime factors of t.
3, 11
Suppose -3*y = -4*y + 5. Let s = 8 - y. What are the prime factors of s?
3
Let z(p) = -p + 3. Let a be z(4). List the prime factors of (-3 - -2) + (-4)/a.
3
Suppose i = 4, -4*r + 0*r = 4*i - 28. Suppose 0 = -3*a - r, -2*a - 2*a = -p + 2. List the prime factors of (18 - p - 3) + -2.
3, 5
What are the prime factors of 1/4 + 6 + 156/16?
2
Let v(j) = j**3 - 6*j**2 - 10*j - 7. What are the prime factors of v(8)?
41
Let l(q) = -q**3 + 15*q**2 - 15*q + 16. Let o be l(14). Suppose -10 + o = -4*y. What are the prime factors of y?
2
Let c(k) be the second derivative of k**4/12 - 5*k**3/3 - 6*k**2 - 6*k. List the prime factors of c(13).
3
Suppose -j + 22 = 5*a - 1, 5*a - 27 = j. Suppose -a*i - 12 = -2. Let s(t) = -3*t + 2. List the prime factors of s(i).
2
Let p(z) = -3*z - 2. Let n be p(-2). Let f = 1 + 3. Suppose 23 = 5*l - f*r, 5*l + 5*r = n + 1. What are the prime factors of l?
3
Suppose -5*s - 5*m = -515, 2*s = 3*s - m - 101. List the prime factors of s.
2, 3, 17
Let t(n) = 5 + 4*n**2 - 4*n**2 + 6*n - n**2. List the prime factors of t(5).
2, 5
Let s = -78 + 172. What are the prime factors of s?
2, 47
Let j(w) = -w**2 + 8*w - 9. Let g be j(8). Let u = 27 - g. What are the prime factors of -9*4/(u/(-15))?
3, 5
Let x(k) = 3*k + 6. Let j be x(-8). Let w = j - -31. List the prime factors of w.
13
Let v(h) = 2*h**2 + 14*h + 29. What are the prime factors of v(-11)?
3, 13
Let i(v) be the second derivative of -17*v**3/3 + v**2 + 4*v. List the prime factors of i(-1).
2, 3
Suppose 3*i - 7*i + 16 = 0. Suppose 4*v + i*z = -z - 122, 3*v = 3*z - 78. Let b = -20 - v. What are the prime factors of b?
2
Let x be 2 - (-2 - -10)/1. Let f = -8 - 8. What are the prime factors of f/x - 2/(-6)?
3
Let p(i) be the third derivative of -7*i**4/8 - i**3/3 + 9*i**2. List the prime factors of p(-2).
2, 5
Let t(r) = r**3 - r**2 + r + 3. Let k be t(3). Suppose -m = -5*u - k, 0*m + 20 = 4*m - u. List the prime factors of m.
2
Suppose 8*g + v = 3*g + 19, -15 = -3*g + 3*v. Suppose 54 = -x + g*x. List the prime factors of x.
2, 3
Let d = 179 - 89. What are the prime factors of d?
2, 3, 5
Let i = -29 - -58. Suppose u = -2*c + i, -c + 2*u + 17 = 5. List the prime factors of c.
2, 7
Let j(x) = 39*x**3 + 3*x**2 - x - 2. List the prime factors of j(2).
2, 5
Let w = -14 - -34. What are the prime factors of w?
2, 5
Let v = 11 + 21. What are the prime factors of v?
2
Let l = 2 + 2. Suppose -h - 3 = -l. List the prime factors of (-8)/(1/h + -3).
2
Let b be 4/(-14) + 102/14. Let t be (-12)/(-42) + 5/b. Suppose -44 - t = -3*p. What are the prime factors of p?
3, 5
Suppose i = -5*z - 3*i, 0 = z - 5*i. Suppose z*q - 72 = 3*q. List the prime factors of (-4)/(q/(-10))*-3.
5
Let h(z) = z**3 + 11*z**2 + 10*z + 3. Let b be h(-9). Suppose 0 = 4*t - 9*t + b. What are the prime factors of t?
3, 5
List the prime factors of (-3)/(981/330 - 3).
2, 5, 11
Let u be 0/(2/(-1*2)). Let l = 1 - -1. Suppose -l*v + u*v = -14. What are the prime factors of v?
7
List the prime factors of (-64)/(-10) + (-2)/5.
2, 3
Let m be (-30)/(-4)*4/3. Let i be 46/(-10) - 4/m. What are the prime factors of (-220)/(-25) - 1/i?
3
Suppose 3*d - 8 = -2. Suppose -d*x = 2*y - 2 - 0, -4*y = 3*x + 1. List the prime factors of x.
5
Suppose 5*r + 158 - 643 = 5*t, 2*r + t = 194. What are the prime factors of r?
97
List the prime factors of (16/(-3))/(1*2/(-102)).
2, 17
Let s = -44 - -24. Let l = 33 + s. List the prime factors of l.
13
Let j(p) = p**2 + 5*p + 26. List the prime factors of j(-10).
2, 19
What are the prime factors of 100 + 6*(-2)/12*3?
97
Let c(x) = -x**3 + 4*x**2 - 2*x. Let r be c(3). Suppose 2*z = -r*z - 2*k - 4, 4*k + 8 = 0. List the prime factors of z - ((-108)/3)/3.
2, 3
Let q be (1*-4)/2 - -23. Let t = q + -10. What are the prime factors of t?
11
Let p(n) be the first derivative of -n**4/4 + 2*n**3 + n**2/2 - 4*n + 3. What are the prime factors of p(6)?
2
Let v = 7 - 10. Let p be (-2)/6 + (-82)/v. Suppose -4*o - p = -87. List the prime factors of o.
3, 5
Let l(g) = -2*g - 2. Let n be (9/(-6))/(2/(-4)). Suppose n*f - 3*d + 4*d + 9 = 0, f + 4*d + 14 = 0. What are the prime factors of l(f)?
2
Let q(z) be the first derivative of -z**4/4 + 5*z**3/3 + 9*z**2/2 + 10*z + 2. Let n be q(7). Let k = n + 35. List the prime factors of k.
2, 5
What are the prime factors of (3 - (1 - 34)) + -3?
3, 11
Let a be 2526/45 - (-4)/(-30). Suppose 3*h = -h + a. What are the prime factors of h?
2, 7
Let o(w) = 27*w**3 + 2*w**2 - 2*w + 1. List the prime factors of o(1).
2, 7
Let o = 2 + 0. Suppose -o*k + 5 = z, -20 = 3*k - 3*z - z. Suppose -3*v - 2*t + 12 = -5*t, -5*v - t + 26 = k. List the prime factors of v.
5
Let c = 6 + 0. Suppose -c*h + 2*h = -12. What are the prime factors of h?
3
Let v(q) = 3*q + 7*q**2 - 3*q**2 - 1 - q + 0*q**2. List the prime factors of v(-2).
11
Let n(g) = 2*g**2 - 3*g - 1. What are the prime factors of n(-11)?
2, 137
Suppose 0 = 4*t + 2*q - 10, 0 = 2*t - t + q - 3. List the prime factors of t/8 - (-249)/12.
3, 7
Suppose -8 = 4*d, 5*d + 4 = v - 9. Let u(o) = -9*o**2 - v + o**3 - 2 + o + 0*o. What are the prime factors of u(9)?
2
Let m(i) = -14*i - 8. Let l be m(-6). Suppose l - 21 = v. Suppose 5*z - 2*g - v = 0, -2*z + 4 = 4*g + 6. What are the prime factors of z?
3
Let u(g) = g**3 + g**2 + 3*g + 65. List the prime factors of u(0).
5, 13
Suppose 3*x + 3*o = x + 21, 35 = 5*x + 4*o. What are the prime factors of x?
3
Let w = -60 - -155. Let d = w - 50. Suppose d = 2*u + 13. What are the prime factors of u?
2
Let v be 5/(-2)*12/(-15). Suppose z + 26 = v*z. Suppose 0 = -3*h - 5*b + z, h + 2*b - 23 = -2*h. List the prime factors of h.
7
Suppose -5*b + 5*v + 4 